-50 (base 6) in base 16?
-1e
-9 (base 10) to base 7
-12
What is -22 (base 7) in base 15?
-11
Convert 6f (base 16) to base 10.
111
What is 52 (base 6) in base 16?
20
What is 0 (base 9) in base 11?
0
What is -4 (base 7) in base 2?
-100
What is 50 (base 6) in base 5?
110
Convert 13 (base 6) to base 7.
12
Convert -2 (base 10) to base 8.
-2
What is -3 (base 6) in base 12?
-3
Convert -35 (base 7) to base 5.
-101
-131 (base 7) to base 16
-47
Convert 1 (base 12) to base 11.
1
Convert 324 (base 5) to base 9.
108
What is -37 (base 16) in base 13?
-43
Convert -12 (base 6) to base 9.
-8
-100 (base 5) to base 7
-34
What is -303 (base 4) in base 15?
-36
What is 0 (base 10) in base 13?
0
132 (base 4) to base 2
11110
21 (base 12) to base 5
100
Convert -29 (base 12) to base 13.
-27
Convert -1 (base 12) to base 11.
-1
Convert 5 (base 15) to base 5.
10
What is 5 (base 14) in base 12?
5
-4 (base 16) to base 10
-4
Convert -44 (base 9) to base 12.
-34
-a3 (base 12) to base 16
-7b
What is 12 (base 11) in base 2?
1101
What is -251 (base 11) in base 15?
-14d
-7 (base 8) to base 15
-7
Convert 342 (base 6) to base 9.
158
a (base 16) to base 3
101
Convert -1 (base 8) to base 2.
-1
What is 251 (base 6) in base 13?
7c
Convert 9 (base 13) to base 2.
1001
-10 (base 9) to base 11
-9
-95 (base 10) to base 16
-5f
46 (base 9) to base 13
33
Convert 1010111 (base 2) to base 8.
127
3 (base 8) to base 7
3
What is 46 (base 12) in base 15?
39
Convert -54 (base 11) to base 3.
-2012
What is 11010100 (base 2) in base 14?
112
What is 12 (base 12) in base 13?
11
What is 10 (base 2) in base 11?
2
What is 442 (base 5) in base 10?
122
Convert -1b (base 13) to base 16.
-18
57 (base 14) to base 10
77
What is 121 (base 3) in base 2?
10000
What is 12 (base 7) in base 11?
9
-8b (base 13) to base 15
-7a
-12 (base 5) to base 11
-7
Convert 2 (base 10) to base 9.
2
Convert 5 (base 16) to base 13.
5
What is -13 (base 16) in base 10?
-19
Convert -2 (base 14) to base 11.
-2
-1001 (base 2) to base 10
-9
What is 1 (base 8) in base 9?
1
57 (base 14) to base 7
140
Convert 135 (base 10) to base 11.
113
Convert -4 (base 11) to base 13.
-4
What is -2 (base 10) in base 9?
-2
15 (base 15) to base 11
19
9 (base 14) to base 16
9
What is -70 (base 10) in base 12?
-5a
Convert -2 (base 3) to base 8.
-2
What is -140 (base 11) in base 8?
-245
1 (base 8) to base 16
1
What is 6 (base 13) in base 12?
6
Convert 32 (base 11) to base 2.
100011
What is -30 (base 13) in base 10?
-39
44 (base 7) to base 3
1012
-1 (base 2) to base 7
-1
Convert 4 (base 8) to base 13.
4
-2 (base 15) to base 12
-2
-12 (base 3) to base 7
-5
177 (base 8) to base 9
151
-36 (base 16) to base 6
-130
Convert -3 (base 12) to base 4.
-3
What is 1 (base 5) in base 8?
1
Convert -434 (base 8) to base 10.
-284
What is 8 (base 11) in base 3?
22
Convert -20 (base 4) to base 9.
-8
-7 (base 12) to base 3
-21
Convert 4 (base 12) to base 4.
10
Convert 1 (base 15) to base 6.
1
Convert -3 (base 9) to base 6.
-3
30 (base 12) to base 6
100
-1 (base 13) to base 9
-1
Convert 5 (base 8) to base 13.
5
-1440 (base 5) to base 10
-245
2d (base 15) to base 3
1121
-5 (base 14) to base 10
-5
What is 3d (base 16) in base 12?
51
What is -3d (base 16) in base 14?
-45
What is 68 (base 13) in base 9?
105
Convert 5 (base 7) to base 3.
12
Convert -1511 (base 6) to base 8.
-623
What is 2 (base 10) in base 16?
2
Convert -25 (base 8) to base 2.
-10101
1c (base 16) to base 15
1d
0 (base 4) to base 6
0
What is 214 (base 5) in base 8?
73
What is 24 (base 12) in base 13?
22
What is 11 (base 9) in base 16?
a
What is -7 (base 12) in base 16?
-7
Convert 131 (base 4) to base 3.
1002
What is 6 (base 10) in base 5?
11
Convert 17 (base 13) to base 7.
26
Convert 70 (base 10) to base 11.
64
What is -1 (base 15) in base 2?
-1
Convert 34 (base 15) to base 16.
31
What is 2 (base 15) in base 7?
2
What is 1 (base 6) in base 8?
1
What is 101 (base 2) in base 16?
5
Convert -113 (base 4) to base 9.
-25
-2100 (base 3) to base 8
-77
Convert -11100 (base 2) to base 13.
-22
Convert -1 (base 4) to base 10.
-1
What is -1010010 (base 2) in base 6?
-214
What is -4 (base 7) in base 14?
-4
Convert -68 (base 9) to base 2.
-111110
-35 (base 15) to base 14
-38
11011 (base 2) to base 8
33
21 (base 10) to base 12
19
What is -bc (base 13) in base 2?
-10011011
111 (base 5) to base 9
34
Convert -11 (base 5) to base 14.
-6
Convert -1013 (base 4) to base 2.
-1000111
What is -13 (base 11) in base 4?
-32
Convert -22 (base 4) to base 9.
-11
What is 73 (base 11) in base 10?
80
4 (base 10) to base 8
4
Convert -3 (base 8) to base 14.
-3
4 (base 6) to base 4
10
Convert -31 (base 15) to base 3.
-1201
46 (base 7) to base 3
1021
-11 (base 3) to base 8
-4
Convert -4 (base 13) to base 14.
-4
Convert 2 (base 8) to base 10.
2
Convert 221 (base 3) to base 4.
121
What is 2 (base 15) in base 8?
2
Convert -76 (base 12) to base 15.
-60
-2 (base 4) to base 14
-2
What is -2 (base 15) in base 4?
-2
What is 0 (base 7) in base 12?
0
1 (base 9) to base 10
1
What is 0 (base 15) in base 5?
0
What is 227 (base 10) in base 15?
102
What is -202 (base 5) in base 16?
-34
110 (base 2) to base 16
6
Convert -21 (base 15) to base 3.
-1011
8 (base 10) to base 16
8
Convert 19 (base 10) to base 15.
14
Convert 37 (base 8) to base 2.
11111
Convert -4 (base 5) to base 14.
-4
Convert 43 (base 9) to base 6.
103
What is -58 (base 12) in base 8?
-104
What is 47 (base 15) in base 8?
103
What is 1101 (base 3) in base 2?
100101
What is -140 (base 6) in base 11?
-55
-2 (base 12) to base 15
-2
Convert 36 (base 7) to base 10.
27
What is 20 (base 4) in base 5?
13
Convert -16 (base 16) to base 4.
-112
Convert -16 (base 13) to base 12.
-17
What is 3 (base 16) in base 10?
3
1 (base 4) to base 8
1
39 (base 12) to base 11
41
Convert 2 (base 10) to base 11.
2
Convert -7a (base 14) to base 16.
-6c
Convert 0 (base 15) to base 14.
0
-8 (base 16) to base 6
-12
Convert 1011 (base 3) to base 15.
21
111 (base 2) to base 9
7
Convert 4 (base 10) to base 16.
4
Convert -11 (base 4) to base 5.
-10
Convert 1131 (base 4) to base 11.
85
10110110 (base 2) to base 8
266
Convert -175 (base 8) to base 16.
-7d
-139 (base 12) to base 4
-2331
-53 (base 6) to base 8
-41
Convert -2102 (base 3) to base 7.
-122
What is -104 (base 7) in base 11?
-49
What is 8 (base 9) in base 14?
8
-1101011 (base 2) to base 13
-83
20000 (base 3) to base 10
162
What is a (base 15) in base 14?
a
What is c (base 16) in base 11?
11
Convert 8 (base 10) to base 2.
1000
Convert -1002 (base 4) to base 13.
-51
Convert -6 (base 14) to base 7.
-6
-2 (base 4) to base 14
-2
Convert 1 (base 16) to base 4.
1
19 (base 12) to base 6
33
Convert 22 (base 5) to base 13.
c
What is -3 (base 9) in base 3?
-10
What is -2 (base 9) in base 13?
-2
3 (base 15) to base 16
3
Convert 211 (base 4) to base 6.
101
Convert -3 (base 14) to base 16.
-3
4 (base 14) to base 8
4
-1a (base 12) to base 16
-16
Convert 102 (base 5) to base 16.
1b
Convert 2 (base 16) to base 4.
2
164 (base 9) to base 14
9d
Convert 3 (base 11) to base 13.
3
1 (base 6) to base 14
1
What is 2 (base 11) in base 8?
2
Convert -43 (base 13) to base 2.
-110111
-2 (base 13) to base 15
-2
What is 135 (base 11) in base 15?
a9
Convert 10 (base 3) to base 11.
3
26 (base 8) to base 11
20
-1001 (base 2) to base 3
-100
What is 32 (base 5) in base 11?
16
What is 25 (base 14) in base 5?
113
Convert 70 (base 15) to base 10.
105
What is 16 (base 7) in base 16?
d
0 (base 6) to base 12
0
What is 22 (base 3) in base 12?
8
What is 110000 (base 2) in base 8?
60
-7 (base 9) to base 13
-7
145 (base 7) to base 12
6a
Convert 31 (base 13) to base 15.
2a
What is -35 (base 13) in base 8?
-54
What is 20 (base 3) in base 2?
110
-5 (base 6) to base 13
-5
Convert 18 (base 13) to base 2.
10101
Convert -102 (base 12) to base 7.
-266
2 (base 8) to base 12
2
-21 (base 6) to base 3
-111
1 (base 10) to base 14
1
Convert 39 (base 15) to base 6.
130
Convert 143 (base 15) to base 3.
101200
203 (base 6) to base 12
63
What is 9 (base 15) in base 7?
12
Convert 1110 (base 2) to base 7.
20
2000 (base 3) to base 11
4a
Convert -10 (base 8) to base 13.
-8
Convert 102 (base 6) to base 10.
38
Convert -2 (base 5) to base 8.
-2
Convert 2 (base 8) to base 5.
2
-22 (base 15) to base 14
-24
What is 2 (base 15) in base 16?
2
Convert 16 (base 7) to